) = i**2 + 9*i + 1. Let x(j) = -6*l(j) - 5*v(j). What is x(-3)?
1
Let h = 47 - 51. Let o(c) = c + 2 + 1 + 1. Give o(h).
0
Let n(x) = -17*x + 25. Let b(q) = 4*q - 6. Let d(y) = -26*b(y) - 6*n(y). Give d(4).
-2
Let h be (-24)/(-9) - (-2)/(-3). Let k = 23 - 11. Suppose h*g + 4*y = -3 - 3, -4*y - k = 0. Let s(u) = -u**3 + 3*u**2 - 3. Calculate s(g).
-3
Let x(d) = -d**3 - 4*d**2 + 4*d - 2. Suppose 0 = 4*u + 3*i + 26, 0 = 3*u + 5*i - 6*i + 13. What is x(u)?
3
Let c(r) = r - 2. Suppose -2 + 0 = -f. Suppose 1 + 6 = -f*s - l, 0 = -5*s + 3*l - 34. What is c(s)?
-7
Let f(t) = 1 + 3918*t - 3924*t - 2. Let u(g) = -g. Let z be u(-1). Give f(z).
-7
Let g(w) = -w**3 - 3*w**2 + 2*w + 4. Suppose 3 = -6*i - 21. Calculate g(i).
12
Let u(b) be the first derivative of -1/2*b**2 + 2*b + 1. Determine u(4).
-2
Let g be (0 - (-10)/24)*(-64)/(-160). Let t(v) be the second derivative of 2*v + 0 + 6*v**2 + g*v**3. Give t(-5).
7
Let r be 12*(-12)/32*(-2)/3. Let y(c) = 6*c - 4. What is y(r)?
14
Let l(n) be the first derivative of -n**4/4 + n**3/3 - n**2/2 + 11*n + 8. Determine l(0).
11
Let w(d) be the third derivative of d**5/30 + d**4/24 - 7*d**2. Suppose -5*f + 30 = 3*y + 2*y, 4*f - 18 = 2*y. Calculate w(y).
3
Let y be 4 + 3 + -5 + -5. Let k(q) = -q**3 + q**2. Let i(f) = 5*f**3 + f**2 + 4*f. Let p(d) = i(d) + 4*k(d). What is p(y)?
6
Let x(c) = -1. Let d(f) = -f**2 + 2. Let t(g) = -d(g) - 4*x(g). What is t(2)?
6
Suppose -20 = -4*r - r. Let a(n) = 2*n**3 - r*n + 0*n + 4*n - n**2 - 2*n. Calculate a(2).
8
Let m be -1*1*7 + -1. Let b(j) = 1 - 10 - 5 - j + 0. Give b(m).
-6
Suppose -b = -5*s + b + 3, -5*b - 18 = -2*s. Let i(t) be the first derivative of -3*t**4/4 - 2*t**3/3 - t**2/2 + 1. Give i(s).
2
Let r be -1 + 1/3*0. Let h(m) = -12*m. What is h(r)?
12
Suppose -2*u - 4*k = 0, -1 = -3*u + 5*k + 10. Suppose 2*b + 4*c - 12 = -3*b, 0 = u*b + c - 6. Let z = b - 0. Let s(p) = -p**3 + 5*p**2 - 2*p. Give s(z).
8
Let r be 1/((-18)/15 - -1). Let y(m) = 5*m**2 - 4*m + 1. Let f(h) = 4*h**2 - 4*h. Let z(c) = r*y(c) + 6*f(c). Suppose 4*p = 2*k + 4, -5 = 5*p - 0. What is z(k)?
-5
Let x(f) = f**2 + 8*f. Let y(s) = -2*s**2 - 15*s. Let r(b) = -7*x(b) - 4*y(b). Give r(-4).
0
Let k(u) = -405 + 3*u + 405. Let t be 0 + -2 + 2 + 0. Suppose 0 = 2*g - t*g + 4. What is k(g)?
-6
Let d(z) = -2*z**3 + 2*z**2 + 3*z - 2. Suppose 4*m - 15 = -m. Suppose 8 = -m*s - s. Let w = 0 - s. What is d(w)?
-4
Let y(a) = -3*a**3 - 1. Let f be y(-1). Let r(b) be the third derivative of 0*b - 1/120*b**6 + 1/12*b**4 + 1/20*b**5 + 2*b**f + 5/6*b**3 + 0. Determine r(4).
-3
Let f(t) = 1. Suppose 0 = i + 1 + 4. Let n(p) = 4*p - 2. Let v(b) = -7*b + 3. Let o(m) = i*n(m) - 3*v(m). Let u(g) = -f(g) - o(g). Calculate u(0).
-2
Let d(t) = -20*t - 11. Let c(a) = -7*a - 4. Let y(h) = 11*c(h) - 4*d(h). Determine y(1).
3
Suppose 0 = 5*t + 20, 0*q + 4*q - 8 = -3*t. Let h = 5 - 5. Let m(x) = h*x + 8 + 2 - x. Give m(q).
5
Let m = 14 - 8. Let u(p) = -p + 8. Calculate u(m).
2
Let u(w) = -3*w - 4. Let f(j) = j**3 - 6*j**2 + 4*j + 1. Suppose -5*p + 5*b - 7 + 42 = 0, -4*b + 17 = 5*p. Let a be f(p). Give u(a).
8
Let h(n) be the second derivative of n**4/12 + 7*n**3/6 - n**2 - 15*n. Determine h(-6).
-8
Let t(z) = z - 2. Let m be t(-3). Let q(f) be the third derivative of -f**2 - 1/6*f**3 + 0*f - 1/6*f**4 - 1/60*f**5 + 0. What is q(m)?
-6
Let f(y) = y - y - 4*y + 6*y - 5. Let o(z) = 3*z**2 + 2*z - 2. Let r be o(-2). Calculate f(r).
7
Let p be 1*1/(1/6). Let b(v) = -8*v**2 + 5*v + 3. Let k(z) = 7*z**2 - 5*z - 2. Let l(s) = -6*b(s) - 7*k(s). Calculate l(p).
-10
Let u be (-2)/(-1) - (-4)/(-1). Let x(b) = 14*b + 4. Let t(i) = 3*i + 1. Let m(h) = -11*t(h) + 2*x(h). Give m(u).
7
Let c(y) = -9*y - 80. Let w be c(-9). Let n(g) = g + 1. Calculate n(w).
2
Suppose -3 = -3*c + 9, -1 = -3*z + 2*c. Let x = 4 + -2. Let w(l) = -l**2 - 7 + x*l**3 - l + 2*l**z + 2*l**3 - 5*l**3. Calculate w(0).
-7
Let o be (4/3)/(-4 + (-13)/(-3)). Let k(g) = 2*g - 5. Give k(o).
3
Let n(c) = -10*c**3 - 18*c**2 - 24*c - 9. Let s(d) = 0 + 7*d**3 + 16*d + 0 + 10*d**2 + 2*d**2 + 6. Let p(w) = 5*n(w) + 7*s(w). Determine p(-5).
12
Let o(g) = -9 - 1 + 3*g**2 + 8. Give o(2).
10
Let t(y) be the third derivative of 0 + 1/6*y**3 - 3*y**2 + 0*y + 1/30*y**5 + 1/8*y**4. Give t(-2).
3
Let l be ((-2)/2)/(-8 - -7). Let n(g) = -2*g**2 + 1. What is n(l)?
-1
Suppose 5*q = w - 4, -q + 1 = -2*w - 0*q. Let p(z) = 8*z**2 - 2*z - 1. What is p(w)?
9
Let z(i) be the first derivative of 0*i - 1/3*i**3 - 3 + i**2. Suppose -3*j = -j - 8. Determine z(j).
-8
Let n(f) = -3*f**3 - 2*f**2 + 2*f + 3. Suppose -d + 14 = -8*d. Calculate n(d).
15
Let d(p) = -p**3 + 5*p**2 - 4*p - 1. Let g = 10 - 7. Let l(f) = f - 4. Let t be l(10). Let y = t - g. Calculate d(y).
5
Let q(c) = 14*c - 6. Let m(y) = -13*y + 5. Suppose -a + 5 = 4*d - 6, -a - 5 = -4*d. Let g be -8 - 2*(-3 + d). Let f(p) = g*q(p) - 7*m(p). Calculate f(1).
8
Let k(r) = r**2 - 5*r + 4. Let y = 16 - 8. Let s be (-114)/8 + 2/y. Let c be 7/s - (-11)/2. Give k(c).
4
Let j(b) = -b**3 - 6*b**2 - 2*b - 4. Let f = -19 + 15. Let v = f - 2. What is j(v)?
8
Let w(d) = d**3 - 4*d**2 - 3*d + 1. Suppose 0 = -4*v - 3*y + 14, -5*v + 5*y + 0 = -35. Give w(v).
11
Let l(a) = 3*a - 6. Let g(i) = i + 5. Let n be g(-3). Suppose 0 = 4*c - 5*h - 26 + 1, n*c + 5 = -h. Suppose -2*f + 10 - 2 = c. Calculate l(f).
6
Let b(s) be the second derivative of -s**5/120 - s**4/6 - 5*s**3/6 + 6*s. Let t(c) be the second derivative of b(c). Calculate t(0).
-4
Let j(c) be the third derivative of -c**4/24 + 11*c**3/6 + c**2 - 13. Determine j(5).
6
Let b(j) = -j**3 - 2*j**2 + 3*j - 1. Suppose 39 = -5*h - 3*a, 0 = -5*h + a + 3 - 30. Let d = h - -3. Calculate b(d).
-1
Suppose 0*r = -5*o + 3*r - 49, -27 = 3*o - r. Let a(u) = u**2 + 9*u + 12. What is a(o)?
4
Let q(k) = k**3 - 2*k**2 - 4. Let v = 10 - 7. What is q(v)?
5
Suppose q = -2*l - 3, -5*q + 3*l + 2*l + 45 = 0. Let j(z) = z**3 - 1. Let o(x) = 5*x**3 + 6*x**2 - 5*x - 6. Let b(p) = 6*j(p) - o(p). Give b(q).
0
Let p(k) = -k - 1. Let h be 17/(-5) - 4/(-10). Let a = h - -8. Suppose -3*r + 14 - a = 0. What is p(r)?
-4
Let o(i) be the first derivative of 5*i**4/4 - i + 13. Determine o(-1).
-6
Let b(f) = -f**3 + 2*f**2 - 3*f + 3. Let x = -4 + -8. Let y = -10 - x. Calculate b(y).
-3
Let n(k) = 7*k**2 - 9 - 9 - 3 + 4 + 15*k. Let c(b) = -4*b**2 - 8*b + 9. Let d(h) = -5*c(h) - 3*n(h). Calculate d(-5).
6
Let m(v) = 7*v**2 + v + 9. Let y(l) = -4*l**2 - l - 5. Let j(q) = 3*m(q) + 5*y(q). Determine j(2).
2
Let j(r) = 4*r**2 + 1. Suppose 3 = -3*f - 18. Let c = f + 6. Calculate j(c).
5
Let q(o) be the second derivative of -o - 5/2*o**2 + 0 + 1/6*o**3. Determine q(-6).
-11
Let z(g) = 3*g + 3. Let t(r) = -4*r**2 + 3*r - 1. Let i be t(1). What is z(i)?
-3
Let z(y) be the third derivative of y**5/60 - y**3/2 + 7*y**2. Let h(a) = -4*a**2 + a + 11. Let o(t) = -2*h(t) - 9*z(t). What is o(-4)?
-3
Let c(n) = n**2 + 3*n - 10. Let k = -34 + 27. Give c(k).
18
Let j(f) = 1. Let n(t) = -t - 7. Let r(s) = 21*j(s) + 3*n(s). Let h be ((-4)/(-2))/(2 - 0). Let b(i) = -2*i. Let y be b(h). Determine r(y).
6
Let s(h) = h**2 - h + 7. Let v(z) = z**3 + 4*z**2 + 3*z. Let p be v(-3). What is s(p)?
7
Let z(q) be the third derivative of q**4/8 - 4*q**3/3 + 8*q**2. What is z(6)?
10
Let w(h) = -h**2 + 9*h + 6. Let y be w(10). Let r = 4 + y. Let j(q) = q - 1. Give j(r).
-1
Let n(l) = -55 + 32 + 2*l**2 - 7*l + 29. Give n(4).
10
Suppose 2*w + 2*w - 28 = -5*t, 4*t - 4*w - 8 = 0. Let o(u) = -14 + 0*u + t*u + 17. Give o(-5).
-17
Let t = 67/78 + -5/26. Let c(z) be the second derivative of 0 - 2*z - t*z**3 - 3/2*z**2. Calculate c(-2).
5
Let t(z) = z**2 + 9*z - 8. Let r be t(-10). Suppose -10 - r = 3*k. Let i(j) = -j**3 - 4*j**2 + 3*j + 4. Calculate i(k).
-8
Let h(b) = -b**2 - 3*b + 6. Suppose -4 = 2*p - 3*m + 14, 36 = -4*p - 5*m. Let w = 14 + p. Let y = w + -10. Calculate h(y).
-4
Let l be ((-9)/(-6))/(3/44). Suppose w + w - 2*r = -2, 4*w + 5*r = -l. Let a(f) be the third derivative of -f**4/8 - f**3/2 + 2*f**2. Calculate a(w).
6
Suppose 4*r + r = -25, 3*u - 3 = 3*r. Let w(c) = -4*c + 2. Calculate w(u).
18
Let t(u) be the second derivative of -u**5/20 + u**4/2 - u**3 + u**2/2 - 8*u. Suppose 0 = 3*n, 3*n - 12 = -4*d + 8. What is t(d)?
-4
Let d be (-3)/(-4)*1/3. Let n(b) be the first derivative of -1 + d*